 = f + -89. What is the tens digit of a?
9
What is the hundreds digit of -4*(-18)/(-3)*(-38)/4?
2
Let y be (-25)/5 + (-20)/(-2). Let u(w) = 20*w + 35 - 85 - y. What is the hundreds digit of u(10)?
1
Let h = -1015 - -2342. Suppose -m + 498 = a, 4*m + 188 = 3*a - h. What is the tens digit of a?
0
Suppose 43*i - 31*i = -192. Let m(z) = -48*z + 71. What is the hundreds digit of m(i)?
8
Suppose 12 = -65*v + 69*v. What is the units digit of 5 - 5*(v - 161)?
5
Suppose -17 = -4*q + 3*r, -3*r - 6 = -3*q + 6. Suppose -2*b + 1044 = -q*f, 0*b + 1004 = 2*b + 5*f. What is the hundreds digit of b?
5
Let c = 110 + -110. Suppose c = 3*z - 3*x - 2496, 3*z - 3*x = 2*x + 2488. What is the units digit of z?
6
Suppose u - 4*p + 266 = -u, 2*p = -u - 113. What is the tens digit of 5/(-30)*u*48?
8
Suppose -4*v + t + 457 = -422, -2*v = 5*t - 401. What is the tens digit of v?
1
Suppose -45357 = -2*f - 5*w, -2673*f + 3*w - 113326 = -2678*f. What is the units digit of f?
1
Let r(o) = -o**3 - 18*o**2 + 19*o - 1. Let z be r(-19). What is the tens digit of (-11791)/26*(-1 + z)?
0
Let l(g) = -g**3 - g**2 + 49*g - 59. What is the units digit of l(-18)?
7
Suppose 0 = 8*f + 4*g - 38284, -5*f + 23952 = 17*g - 18*g. What is the thousands digit of f?
4
Let v = -337 - -339. Suppose 4 = v*s, -a + 6*a - 2*s - 1061 = 0. What is the tens digit of a?
1
Let b(a) = 601*a**2 - 8*a + 6. What is the units digit of b(2)?
4
Let r(c) = 2325*c**2 + 98*c + 345. What is the ten thousands digit of r(-4)?
3
Suppose 11*m + 1191 = 5965. What is the units digit of (15 - 9)*(-4 + m/6)?
0
Suppose -34*k + 32*k = 2*l - 2, -2*l + 8 = 0. Let x(s) = -160*s - 30. What is the hundreds digit of x(k)?
4
Suppose 9*r = -243 - 153. Let z = -2 + r. Let g = z - -88. What is the tens digit of g?
4
Let r(b) = b**2 + 17*b + 66. Let g be r(-11). Suppose -8*f - 3*f + 4169 = g. What is the units digit of f?
9
Let q = 24015 - 16030. What is the thousands digit of q?
7
Let s(r) = -3*r - 16. Let n be s(0). Let m = 7 + n. Let b = 101 - m. What is the tens digit of b?
1
Let l(g) = 106*g - 64. Let k = -307 + 320. What is the units digit of l(k)?
4
Suppose 5*t = -3*b - 46, 8 + 2 = -b + t. Let y(d) = d**3 + 14*d**2 - 12*d + 36. What is the hundreds digit of y(b)?
4
Suppose 118*o - 4031872 = -90*o. What is the ten thousands digit of o?
1
Suppose 2554*j - 2555*j + 29154 = 0. What is the thousands digit of j?
9
Suppose 41*i - 444 = 40*i. Suppose 3*b = -2*b - 4*w + 442, 3*w = -5*b + i. Suppose 5*n + l - 144 = 0, 5*n - 2*l - 237 = -b. What is the units digit of n?
9
Suppose n + 15*n - 90276 - 174140 = 0. What is the hundreds digit of n?
5
Let d(a) = 5*a**2 - 43*a - 31. Let b be d(16). Let v = 1511 - b. What is the hundreds digit of v?
9
Let n = 2371 + 6323. What is the thousands digit of n?
8
Let s(p) = 1245*p**2 - 101*p + 325. What is the tens digit of s(3)?
2
Let o(k) = k**3 - 3*k**2 - 28*k + 122. Let h be o(7). Suppose -913 - h = -5*w. What is the hundreds digit of w?
2
Let r be 3322/(-4) + 10 - (-1)/2. Let q = -332 - r. What is the hundreds digit of q?
4
Let r(b) = -b**3 + 13*b**2 + 21*b - 86. Let j = 292 - 278. What is the tens digit of r(j)?
1
Let d = -63 - -59. Let t be 1 - ((-492)/(-6))/(d/6). What is the tens digit of -1 + t - (-12 - -12)?
2
What is the units digit of 2*2 + 0 + (64 - 972225/(-29))?
3
Let x(v) be the first derivative of 23*v**6/10 - 8*v**2 + 27. Let t(p) be the second derivative of x(p). What is the hundreds digit of t(1)?
2
Suppose -16 = -4*t, 340*h - 338*h - 5*t - 1148 = 0. What is the units digit of h?
4
Let t = 50 - 58. Let h be 24/t - -2*4. Suppose 0 = i - 2*l - 6 - 9, -3*i + 43 = -h*l. What is the units digit of i?
1
Suppose -65 = -2*r + 4*n - 7*n, 6 = -2*n. Let x = -26 + r. Suppose 444 = -x*s + 15*s. What is the hundreds digit of s?
1
Let v(t) = -38 + 20*t + 4*t - 38*t. What is the tens digit of v(-13)?
4
Let r be 27*(-2 + 2/(-2) + 5). Let u = -17 - -30. Let y = u + r. What is the units digit of y?
7
Suppose -88*k + 383960 = -27*k - 41*k. What is the hundreds digit of k?
1
Suppose -3369 = -52*m + 46*m - 3*r, -r + 561 = m. What is the units digit of m?
2
Let a = -46110 + 78715. What is the tens digit of a?
0
Suppose 3238 = 4*b - j - 2*j, 3*b - 2432 = 4*j. Suppose 3*z + 0*m = m + b, 2*z - m - 540 = 0. What is the units digit of z?
8
Let m be 28 - -42 - (4 - 0). Let x be 30/9 + (-12)/(-18). Suppose -3*t = 2*r - x*t - m, 2*r = 5*t + 58. What is the units digit of r?
4
Let m(t) = t**3 - 2*t**2 - 6*t + 14. Let g = 228 - 219. What is the units digit of m(g)?
7
Let n be (0 + 645)*54/90. Suppose -3*w - 4*s + n = 2*w, 0 = -4*s - 8. Let h = w + -42. What is the units digit of h?
7
Let k be ((-2)/(-4))/((78/(-60))/(-13)). Let j be 24/(-6) - k/((-10)/(-6)). Let l = j - -74. What is the tens digit of l?
6
Suppose 35593 = 5*y - b + 9928, 2*y - 3*b = 10279. What is the hundreds digit of y?
1
Let k(u) = 315*u**2 - 94. What is the thousands digit of k(-6)?
1
Suppose 31*i = -59*i + 5*i + 2452675. What is the hundreds digit of i?
8
Suppose 0 = 25*b + 419 + 681. What is the tens digit of (-11436)/b - 1/(-11)?
6
Let d = -63053 - -94203. What is the tens digit of d?
5
Let m be (-39957)/12*-1 - 8/(-32). Let x = -2302 + m. What is the tens digit of x?
2
Let h(o) = o**3 - 46*o**2 - 235*o - 11. What is the tens digit of h(60)?
8
Suppose -f - 20 = -5*f. Suppose -3 - 22 = -f*t. Suppose -t*r = -r - 28. What is the units digit of r?
7
Suppose 22*k = 456 - 38. Let p(x) = -x**3 + 19*x**2 + 24*x - 17. What is the units digit of p(k)?
9
Let u be (-40)/4*(-1)/5. Suppose -s + 186 = m, -4*s + 181 = m - u*s. Suppose 0 = -4*q + 531 - m. What is the units digit of q?
5
Let o = 33 - 19. Suppose -3*j + 10*j - 42 = 0. Suppose -t - 96 = -2*b, 4*t + j = o. What is the units digit of b?
9
Let w(x) = -x**3 - 5*x**2 - 2*x + 15. Let k be w(-5). Let g(m) = 15*m + 5 - k - 28 - 12. What is the tens digit of g(15)?
6
Let v be ((-3)/2)/((-3)/6). Suppose 4*n + 3503 = -3*g, -v*g - 93 = -4*n - 3566. What is the tens digit of ((n/32)/1)/((-1)/4)?
0
Let p = -14157 + 16511. What is the hundreds digit of p?
3
Let f = 61457 - 41668. What is the ten thousands digit of f?
1
Let k = -126 - -133. Suppose 2*f - k*f + 4*h = -3103, -1252 = -2*f - 2*h. What is the tens digit of f?
2
Let h = 228 - 87. Suppose -h = -4*t + 35. Suppose 2*g - 4 = t. What is the units digit of g?
4
Let n(u) = 9*u + 172. Let t be n(31). Suppose -2*p + t = -239. What is the hundreds digit of p?
3
Suppose -5*n - 100 = 2*j, 0*j = -j - n - 44. Let s = j - -59. Suppose -s*k - 735 = -24*k. What is the hundreds digit of k?
1
Let p = 34410 - 14125. What is the hundreds digit of p?
2
Let y(v) = 3*v - 38. Let p be y(17). Suppose -3*s - 2*s + g + p = 0, -s = -2*g + 1. Suppose s*n - 770 = -8*n. What is the tens digit of n?
7
Suppose -4*i = -9*u + 7*u + 4, -4*i = u - 2. Suppose i = -9*k + 1383 + 1803. What is the units digit of k?
4
Let b = -8 - -15. Suppose b*p - 4*p + 12 = 5*w, 2*p - 11 = -3*w. Suppose z - 133 = -2*z + 4*g, w*z - 158 = -g. What is the units digit of z?
1
Suppose -2*m = 2*g - 23372 - 20784, g = 5*m + 22120. What is the units digit of g?
5
What is the thousands digit of (747/(-12))/((-99)/11484)?
7
Let c(w) = -w**3 + w**2 + 9*w - 16. Let f be c(-5). Let l(o) = -o**3 + 3*o**2 - 3*o. Let k be l(2). Let r = k + f. What is the tens digit of r?
8
What is the thousands digit of (278/(-4))/(18 - (-227326)/(-12628))?
9
Suppose -106*v + 2416439 - 232945 = 0. What is the ten thousands digit of v?
2
Suppose 3*v - 4*j - 4604 = 0, -8*v + j + 3076 = -6*v. Suppose k + 2*u - 524 = -0*k, -v = -3*k + 2*u. What is the tens digit of k?
1
Suppose y = -4*t + 9, -2*t - 4*y + 13 = 5. Suppose g - 3*d - 802 = 0, -1296 = -5*g + t*d + 2714. What is the tens digit of g?
0
Let v(t) be the second derivative of -5/2*t**2 + t**3 - 12*t + 7/6*t**4 + 0. What is the units digit of v(2)?
3
Let m(v) be the second derivative of 8*v**3 + v. Suppose 41 - 74 = -64*y + 95. What is the tens digit of m(y)?
9
Let z(i) = i**3 - 2*i**2 + 10*i + 42. Let b be z(7). Let o = b - 158. What is the tens digit of o?
9
What is the tens digit of 8637858/342 - 46 - (-4)/38?
1
Suppose 43*r + 44*r = 17*r + 929460. What is the tens digit of r?
7
Let s be ((-2)/(-3) + 2)*15. Let w = s - 35. Suppose 3 = w*u - 2. What is the units digit of u?
1
Suppose 2